?
1
What is the tens digit of 49345229?
2
What is the hundreds digit of 58829804?
8
What is the units digit of 3150814465?
5
What is the units digit of 63953023?
3
What is the hundred thousands digit of 11480182?
4
What is the ten thousands digit of 4604613?
0
What is the tens digit of 2152215?
1
What is the millions digit of 1866056695?
6
What is the tens digit of 249252340?
4
What is the hundred millions digit of 188360945?
1
What is the units digit of 1589478846?
6
What is the millions digit of 49753214?
9
What is the thousands digit of 1803528130?
8
What is the ten millions digit of 88731602?
8
What is the millions digit of 5560655000?
0
What is the thousands digit of 74425274?
5
What is the hundreds digit of 17422123?
1
What is the ten millions digit of 37581470?
3
What is the hundred thousands digit of 102721430?
7
What is the thousands digit of 98856449?
6
What is the hundreds digit of 910607921?
9
What is the millions digit of 7884295?
7
What is the thousands digit of 43462944?
2
What is the tens digit of 631317674?
7
What is the units digit of 67022662?
2
What is the ten thousands digit of 1262221205?
2
What is the units digit of 249993845?
5
What is the ten millions digit of 35668902?
3
What is the millions digit of 2493125242?
3
What is the millions digit of 102520455?
2
What is the hundred millions digit of 281271890?
2
What is the units digit of 2165580889?
9
What is the ten millions digit of 2214992450?
1
What is the units digit of 696132763?
3
What is the ten millions digit of 99038478?
9
What is the ten millions digit of 50561250?
5
What is the ten thousands digit of 1375290286?
9
What is the ten thousands digit of 1337533206?
3
What is the tens digit of 13349040?
4
What is the hundred thousands digit of 1954799445?
7
What is the hundred thousands digit of 1276786720?
7
What is the millions digit of 6794097159?
4
What is the millions digit of 700673740?
0
What is the ten thousands digit of 390701222?
0
What is the ten thousands digit of 485951309?
5
What is the tens digit of 892602990?
9
What is the tens digit of 1209356592?
9
What is the ten thousands digit of 2136850784?
5
What is the hundreds digit of 78327621?
6
What is the hundreds digit of 32976889?
8
What is the hundred thousands digit of 373551756?
5
What is the units digit of 4534923385?
5
What is the tens digit of 69198010?
1
What is the ten thousands digit of 231271829?
7
What is the hundred thousands digit of 877752784?
7
What is the millions digit of 1955473008?
5
What is the hundred millions digit of 380467052?
3
What is the ten millions digit of 35258481?
3
What is the millions digit of 5625015?
5
What is the hundred thousands digit of 387231461?
2
What is the hundreds digit of 2262244849?
8
What is the ten thousands digit of 8032492763?
9
What is the thousands digit of 1803433988?
3
What is the thousands digit of 29650447?
0
What is the hundred thousands digit of 8234993156?
9
What is the units digit of 95375952?
2
What is the hundred thousands digit of 97642153?
6
What is the tens digit of 3242825993?
9
What is the millions digit of 4411266241?
1
What is the hundred millions digit of 997534752?
9
What is the units digit of 37380692?
2
What is the thousands digit of 226168037?
8
What is the thousands digit of 180172991?
2
What is the units digit of 279124049?
9
What is the hundreds digit of 49795059?
0
What is the millions digit of 16349848?
6
What is the hundred thousands digit of 1602066560?
0
What is the millions digit of 444888773?
4
What is the units digit of 3377931566?
6
What is the hundreds digit of 511325033?
0
What is the tens digit of 400705541?
4
What is the ten millions digit of 12267938?
1
What is the ten thousands digit of 37422046?
2
What is the hundred thousands digit of 469485412?
4
What is the ten thousands digit of 4384528591?
2
What is the units digit of 2463920568?
8
What is the hundred thousands digit of 4768482852?
4
What is the thousands digit of 51509614?
9
What is the units digit of 1359195532?
2
What is the millions digit of 2533239945?
3
What is the hundreds digit of 391448347?
3
What is the tens digit of 18431924?
2
What is the millions digit of 492977972?
2
What is the tens digit of 59338752?
5
What is the ten millions digit of 1936037116?
3
What is the ten millions digit of 6290013535?
9
What is the hundred millions digit of 2934927087?
9
What is the thousands digit of 43818427?
8
What is the tens digit of 3281464885?
8
What is the thousands digit of 56609207?
9
What is the hundred millions digit of 284335801?
2
What is the ten millions digit of 286639532?
8
What is the units digit of 13713341?
1
What is the tens digit of 1396416005?
0
What is the tens digit of 460967863?
6
What is the millions digit of 1358238118?
8
What is the hundred thousands digit of 54793652?
7
What is the hundreds digit of 108352290?
2
What is the ten millions digit of 64273223?
6
What is the hundred millions digit of 206613766?
2
What is the thousands digit of 599109303?
9
What is the hundreds digit of 761166465?
4
What is the ten millions digit of 4920904828?
2
What is the ten millions digit of 3461270481?
6
What is the tens digit of 18427280?
8
What is the billions digit of 2196374399?
2
What is the tens digit of 270334096?
9
What is the hundreds digit of 2468543803?
8
What is the ten thousands digit of 38364929?
6
What is the tens digit of 153574022?
2
What is the billions digit of 2385222235?
2
What is the ten millions digit of 2204626825?
0
What is the millions digit of 866558256?
6
What is the units digit of 86093965?
5
What is the thousands digit of 75837188?
7
What is the ten thousands digit of 126419723?
1
What is the hundred thousands digit of 112987734?
9
What is the units digit of 3426997801?
1
What is the hundred thousands digit of 2167022073?
0
What is the tens digit of 130196027?
2
What is the thousands digit of 1026628584?
8
What is the millions digit of 62701243?
2
What is the units digit of 19598049?
9
What is the units digit of 1293177262?
2
What is the ten thousands digit of 1265631154?
3
What is the thousands digit of 71111159?
1
What is the hundred millions digit of 2265960560?
2
What is the units digit of 122942138?
8
What is the thousands digit of 2370581419?
1
What is the hundreds digit of 595729241?
2
What is the hundred thousands digit of 62662466?
6
What is the tens digit of 22436407?
0
What is the hundreds digit of 42322890?
8
What is the hundreds digit of 74931786?
7
What is the billions digit of 1392681048?
1
What is the units digit of 56342578?
8
What is the units digit of 18454257?
7
What is the hundred thousands digit of 24030788?
0
What is the hundred millions digit of 495368203?
4
What is the hundred thousands digit of 878603556?
6
What is the thousands digit of 3088522064?
2
What is the thousands digit of 438943419?
3
What is the thousands digit of 48728571?
8
What is the hundred millions digit of 211081271?
2
What is the ten millions digit of 465938565?
6
What is the ten millions digit of 410240257?
1
What is the hundreds digit of 43523343?
3
What is the units digit of 234680317?
7
What is the tens digit of 233720508?
0
What is the hundred thousands digit of 1095483759?
4
What is the ten millions digit of 5268657240?
6
What is the ten millions digit of 677261840?
7
What is the thousands digit of 86975969?
5
What is the ten thousands digit of 384042420?
4
What is the ten millions digit of 11399092?
1
What is the units digit of 926364645?
5
What is the hundreds digit of 52399303?
3
What is the ten millions digit of 394815969?
9
What is the ten thousands digit of 101657396?
5
What is the hundred millions digit of 303739499?
3
What is the hundreds digit of 34486418?
4
What is the hundred thousands digit of 25593396?
5
What is the hundreds digit of 545911811?
8
What is the ten millions digit of 3543865703?
4
What is the millions digit of 210778083?
0
What is the ten thousands digit of 115760790?
6
What is the millions digit of 419567004?
9
What is the hundred thousands digit of 768934720?
9
What is the tens digit of 1658962045?
4
What is the millions digit of 344261306?
4
What is the ten thousands digit of 1022198967?
9
What is the hundreds digit of 1437324223?
2
What is the ten thousands digit of 18529830?
2
What is t